 the prime factors of 6/15 - x/10?
2, 3
Let p(m) = -14*m + 6. What are the prime factors of p(-15)?
2, 3
Let w be ((-11)/(-2))/((-8)/(-64)). Suppose j = -j + w. What are the prime factors of j?
2, 11
Let v = 1 + -1. Suppose v = -3*q - q. What are the prime factors of 1 + (-1 - q)*-1?
2
Let v(f) be the first derivative of -f**3/3 - 3*f**2 - 6*f + 1. Let x be v(-4). Suppose 4*s - 44 = -4*y, -4*y - 2 = x*s - 30. What are the prime factors of s?
2
Let b(k) be the second derivative of 1/12*k**4 + 0 - 2*k + 2*k**2 - k**3. What are the prime factors of b(7)?
11
Let o(j) be the second derivative of j**3/3 - 3*j**2/2 - 2*j. Let x be o(3). Suppose -x*i = 5*m, 0 = -5*m + 2*m - 4*i - 11. List the prime factors of m.
3
Let j = -92 - -140. What are the prime factors of j?
2, 3
What are the prime factors of (-456)/(-10) + 18/45?
2, 23
Let q(h) = -7*h**3 - 3*h**2 - 3*h - 2. Let m = -3 + 1. Let s be q(m). Suppose s = 5*c + 13. What are the prime factors of c?
7
Suppose 3*c - c - 206 = 0. List the prime factors of c.
103
Suppose -4*a + 26 = 5*l, -5*l + 1 - 11 = -5*a. Let j = 0 - l. List the prime factors of (j + -22)*3/(-6).
2, 3
List the prime factors of -52*(1 - -2)/(-12).
13
Suppose -28 = -t - 5*h - 5, 4*h - 28 = -4*t. What are the prime factors of 3 - (6/(-1))/t?
5
Suppose -24 = -2*i + i. Suppose h + 4*t - 3*t = 8, 2*h - 1 = 3*t. Suppose 0 = 3*p - h*v - 28, -i + 0 = -5*p - 3*v. List the prime factors of p.
2, 3
Suppose -30 = 5*b + 20. Let q = -3 - b. What are the prime factors of q?
7
Let a be (-1 - 8 - -1) + -1. Let v(y) = -5*y**2 + 1. Let g be v(1). Let k = g - a. What are the prime factors of k?
5
Let v(h) = -h - 4. What are the prime factors of v(-10)?
2, 3
Suppose -4*j + 3*j = 2*v - 17, 5*v - 5 = -j. What are the prime factors of j?
5
Let c = 112 - 76. What are the prime factors of c?
2, 3
Let r = 11 - -2. Suppose -5*a + r = -2. What are the prime factors of a?
3
Let m be -2*1*9/6. Let f = m - -7. What are the prime factors of f?
2
Let b(x) = -12*x - 8. Let z be b(-7). Suppose 5*p + 16 = z. List the prime factors of p.
2, 3
Suppose -3*m + 4*i + 3 + 26 = 0, -4*i - 8 = 4*m. Let a = 3 - 3. Suppose -m*t + 32 + 7 = a. List the prime factors of t.
13
Let b(r) = -4*r**3 + 4*r**2 + 2*r - 1. What are the prime factors of b(-2)?
43
Suppose 0 = 3*p + 6*b - b - 13, -2*p - 4*b = -12. Let f be (-258)/p + 21/(-14). Suppose 3 = 3*u - f. What are the prime factors of u?
2, 11
Suppose 0*u = 3*u - 15. Suppose u*w - 10 = -5*r, -7 = 5*w - 3*r - 1. Suppose w = -3*a + 9, -2*n - a - 7 = -7*n. What are the prime factors of n?
2
Let g(z) = 7*z**2 - 2*z - 1. Let t(b) = -b + 9. Let r be t(5). Suppose h - 4*q = 7, r*h - q = q. What are the prime factors of g(h)?
2
Suppose 10 + 5 = 5*b. List the prime factors of b.
3
Let a = -165 - -115. Let w = -13 - a. Let m = -26 + w. List the prime factors of m.
11
Let w be ((-1)/2)/((-2)/12). Suppose 3*m = -5*j - m + 71, -5*j + 43 = -w*m. List the prime factors of j.
11
Let f(o) = 3*o - 5*o + 7 - o. Let g be f(-5). Suppose -5*s + g + 13 = 5*d, -s - 2*d + 5 = 0. List the prime factors of s.
3
Let k be (-26)/(-2) + 0 + 3. Suppose -o + l = -3*l - 48, 4*l = 5*o - 288. List the prime factors of o/k*8/2.
3, 5
Let r(y) = -y + 11. Suppose 4*c = -27 + 7, -27 = -4*i - c. List the prime factors of r(i).
3
Let z(i) = 3*i + 8. List the prime factors of z(5).
23
Suppose 3*s - 5*f - 20 = -2*s, 4*f = -s - 6. Let l be -2 + s*(-33)/(-6). List the prime factors of (3/l)/((-2)/(-54)).
3
Let s be (-170)/2*(-4)/10. Suppose 5*a + 4*m = -10, 0*m = 2*a + 3*m + 11. Suppose 2*t + a*t = -2*p + s, 0 = -5*t + 25. List the prime factors of p.
7
Suppose 2*o - 2 - 4 = 0, -2*l = 5*o - 433. What are the prime factors of l?
11, 19
Suppose 4*h = 1 + 23. Let p = h + -24. What are the prime factors of (80/24)/((-4)/p)?
3, 5
Suppose -5*w + 4 = -1. Let u = 2 + w. What are the prime factors of (-20)/3*u/(-2)?
2, 5
Suppose 5*d - 5*u = 25, 4*u + 4 = d + d. Let m be (-2 + 2)/(0 - -2). Suppose i + i - d = m. List the prime factors of i.
2
Suppose -23 = -3*l - 5. Let r(n) = n**3 - 4*n**2 - 9*n + 7. Let p be r(l). Let z = 37 - p. What are the prime factors of z?
2, 3
Let n(y) = y. Let h be n(-3). Let t be (-5)/h - 1/(-3). Suppose 8 = t*r - r. List the prime factors of r.
2
Let c be (104/5)/(5/(-25)). What are the prime factors of (-1232)/c + 4/26?
2, 3
Suppose -3*r + 914 = -f, 0*r - 934 = -3*r + 5*f. What are the prime factors of r?
3, 101
Let q(g) = 10 + 0*g - 4*g + 3*g + 0*g. What are the prime factors of q(-8)?
2, 3
Suppose -n + 54 = 2*n. Suppose -2*i + 8 = -n. List the prime factors of i.
13
Let w be (-4)/10 + 76/(-10). Let k = 6 + w. Let h = 6 + k. What are the prime factors of h?
2
Let a be 4/(1 - (-2)/(-4)). Suppose -j + a = -10. List the prime factors of j.
2, 3
Let t(u) = 3*u + 9. Let c be t(7). Let d = -10 + c. Suppose -2*x - d = -2*l, l + 55 = 5*l - x. What are the prime factors of l?
3, 5
What are the prime factors of (-2)/10 - (-460)/50?
3
Let g = -3 + 1. Let t(c) = c**2 - 1. Let d(v) = -v**3 - 5*v**2 + 5. Let i(k) = d(k) + 3*t(k). What are the prime factors of i(g)?
2
Suppose 0 = 3*f - 0*f - 12. Suppose f*t + 6 = -18. Let z(h) = h**2 + 5*h + 1. List the prime factors of z(t).
7
Let u(j) = -j**3 - 4*j**2 - 4*j - 4. Let h(n) = n**3 + 5*n**2 + 6*n + 4. Let g be h(-4). List the prime factors of u(g).
2, 3
Let y(a) = -2*a**3 + 0 + 10*a**2 + 10*a + 3*a**3 + 7. Let n be y(-9). List the prime factors of (13 + n - 0)/1.
11
Suppose 68 = -3*q + 2*o, 0*q + 88 = -4*q + 4*o. Suppose -5*t - 2*n + 144 = -t, 0 = t + 3*n - 26. Let y = q + t. What are the prime factors of y?
2, 7
Suppose -4*l - 9 = 3. What are the prime factors of ((-16)/(-6))/((-2)/l)?
2
Let r = 229 + -34. What are the prime factors of r?
3, 5, 13
Suppose 0 = -4*v - 5 + 1. Suppose 4*n - 36 = 4*o, -8*n - 4 = -4*n + 4*o. Let u = n + v. What are the prime factors of u?
3
Suppose 0 = -0*w - w + 5. Suppose 0 = -4*u - 2*o + w*o, 2*u + 3*o = 0. Suppose 2*t - 5 - 5 = u. What are the prime factors of t?
5
Suppose -4 = -2*i + 2. Let x be (-1)/i - 49/(-3). Let b = x - 4. What are the prime factors of b?
2, 3
Suppose 0 = -0*g - 3*g - 159. Let j = -97 - g. Let b = j + 62. List the prime factors of b.
2, 3
Let c be (-4)/(-18) + (-644)/(-18). Let n = c - 12. Suppose 3*j = 27 + n. List the prime factors of j.
17
Let p = 22 - -14. Suppose 3*j - p = -0*j. List the prime factors of j.
2, 3
Suppose -2*p - 2*p - 1320 = 0. List the prime factors of (p/(-77))/((-2)/(-14)).
2, 3, 5
Let d(r) = r + 12. Let w(g) = 20*g**3 + g**2 - 2*g + 1. Let f be w(1). Suppose 4*v + 20 = 0, 0*j - 4*j + 4*v = -f. What are the prime factors of d(j)?
2, 3
Let m(s) = 2*s - 1. Let g(y) = y**2 - 9*y + 12. Let t be g(8). Suppose -t*o + 18 = -5*x, -2*o - x = x. List the prime factors of m(o).
3
Let w = 19 - 18. Let x(c) = 56*c + 1. List the prime factors of x(w).
3, 19
Let s = 5 - 0. Suppose k = 6*k + s. List the prime factors of 11 - (-2 + (0 - k)).
2, 3
Let u be 28/(-3) + (-3)/(-9). Suppose 6*r + 38 = 3*g + 2*r, -23 = -3*g + r. What are the prime factors of 26/(-3)*u/g?
13
Suppose 4*h - 218 - 134 = 0. What are the prime factors of h?
2, 11
Let r(n) = n**3 + 4*n**2 + 3*n + 2. Let s be r(-3). Suppose 4*l + 3*a - 119 = 0, -2*a - a - 73 = -s*l. List the prime factors of l.
2
Let a = 1 + 2. Suppose 4*j = 3*l - 49, l + a*j = 5*j + 19. What are the prime factors of l?
11
Suppose d - 8 = 2*p - 2, -4*p + 5*d = 0. Let x = p - -12. Suppose 2*h = x*h - 20. List the prime factors of h.
2
Let j be (-4)/5*(-5)/2. Suppose 6*k = j*k + 36. Suppose -13 = -u + k. What are the prime factors of u?
2, 11
Suppose -3*p + p = -2*i - 16, i - 12 = -p. What are the prime factors of p?
2, 5
Let c(t) = -1 + t - 6*t + 0*t**2 - 2*t - t**2. Let g be c(-8). What are the prime factors of (24/5)/(g/(-30))?
2
Let f(b) = 2*b**2 + 3*b + 15. What are the prime factors of f(-8)?
7, 17
Let w(o) = 1. Let h(s) = 3*s. Let k(b) = -h(b) - w(b). Let g be k(-1). Suppose -5*f = 0, a = -3*f + g - 0. List the prime factors of a.
2
Suppose -8*z = -4*z - 136. List the prime factors of z.
2, 17
Let o = -38 + 63. What are the prime factors of o?
5
List the prime factors of (-21 + 4)/(-1 + 0).
17
Let x(u) = 3*u + 8. Let c(q) = 2*q + 7. Let i(m) = 4*c(m) - 3*x(m). Suppose -6*l = 32 + 10. List the prime factors of i(l).
11
Let o